{"id":2323,"date":"2020-09-01T17:53:41","date_gmt":"2020-09-01T16:53:41","guid":{"rendered":"http:\/\/dms-bbz.hr\/?page_id=2323"},"modified":"2020-09-01T17:53:41","modified_gmt":"2020-09-01T16:53:41","slug":"financijski-izvjestaj-za-2019-god","status":"publish","type":"page","link":"https:\/\/dms-bbz.hr\/index.php\/financijski-izvjestaj-za-2019-god\/","title":{"rendered":"Financijski izvje\u0161taj za 2019. god."},"content":{"rendered":"\n<figure class=\"wp-block-image\"><img loading=\"lazy\" decoding=\"async\" width=\"428\" height=\"161\" src=\"http:\/\/dms-bbz.hr\/wp-content\/uploads\/2019\/09\/logo-i-SOS.jpg\" alt=\"\" class=\"wp-image-2057\"\/><\/figure>\n\n\n\n<figure class=\"wp-block-image\"><img loading=\"lazy\" decoding=\"async\" width=\"725\" height=\"1024\" src=\"http:\/\/dms-bbz.hr\/wp-content\/uploads\/2020\/09\/Financ.-izvje\u0161taj-za-2019._page-0001-725x1024.jpg\" alt=\"\" class=\"wp-image-2324\" srcset=\"https:\/\/dms-bbz.hr\/wp-content\/uploads\/2020\/09\/Financ.-izvje\u0161taj-za-2019._page-0001-725x1024.jpg 725w, https:\/\/dms-bbz.hr\/wp-content\/uploads\/2020\/09\/Financ.-izvje\u0161taj-za-2019._page-0001-354x500.jpg 354w, https:\/\/dms-bbz.hr\/wp-content\/uploads\/2020\/09\/Financ.-izvje\u0161taj-za-2019._page-0001-768x1085.jpg 768w, https:\/\/dms-bbz.hr\/wp-content\/uploads\/2020\/09\/Financ.-izvje\u0161taj-za-2019._page-0001-750x1060.jpg 750w, https:\/\/dms-bbz.hr\/wp-content\/uploads\/2020\/09\/Financ.-izvje\u0161taj-za-2019._page-0001.jpg 1242w\" sizes=\"auto, (max-width: 725px) 100vw, 725px\" \/><\/figure>\n\n\n\n<figure class=\"wp-block-image\"><img loading=\"lazy\" decoding=\"async\" width=\"725\" height=\"1024\" src=\"http:\/\/dms-bbz.hr\/wp-content\/uploads\/2020\/09\/Financ.-izvje\u0161taj-za-2019._page-0002-1-725x1024.jpg\" alt=\"\" class=\"wp-image-2331\" srcset=\"https:\/\/dms-bbz.hr\/wp-content\/uploads\/2020\/09\/Financ.-izvje\u0161taj-za-2019._page-0002-1-725x1024.jpg 725w, https:\/\/dms-bbz.hr\/wp-content\/uploads\/2020\/09\/Financ.-izvje\u0161taj-za-2019._page-0002-1-354x500.jpg 354w, https:\/\/dms-bbz.hr\/wp-content\/uploads\/2020\/09\/Financ.-izvje\u0161taj-za-2019._page-0002-1-768x1085.jpg 768w, https:\/\/dms-bbz.hr\/wp-content\/uploads\/2020\/09\/Financ.-izvje\u0161taj-za-2019._page-0002-1-750x1060.jpg 750w, https:\/\/dms-bbz.hr\/wp-content\/uploads\/2020\/09\/Financ.-izvje\u0161taj-za-2019._page-0002-1.jpg 1242w\" sizes=\"auto, (max-width: 725px) 100vw, 725px\" \/><\/figure>\n\n\n\n<figure class=\"wp-block-image\"><img loading=\"lazy\" decoding=\"async\" width=\"725\" height=\"1024\" src=\"http:\/\/dms-bbz.hr\/wp-content\/uploads\/2020\/09\/Financ.-izvje\u0161taj-za-2019._page-0003-1-725x1024.jpg\" alt=\"\" class=\"wp-image-2332\" srcset=\"https:\/\/dms-bbz.hr\/wp-content\/uploads\/2020\/09\/Financ.-izvje\u0161taj-za-2019._page-0003-1-725x1024.jpg 725w, https:\/\/dms-bbz.hr\/wp-content\/uploads\/2020\/09\/Financ.-izvje\u0161taj-za-2019._page-0003-1-354x500.jpg 354w, https:\/\/dms-bbz.hr\/wp-content\/uploads\/2020\/09\/Financ.-izvje\u0161taj-za-2019._page-0003-1-768x1085.jpg 768w, https:\/\/dms-bbz.hr\/wp-content\/uploads\/2020\/09\/Financ.-izvje\u0161taj-za-2019._page-0003-1-750x1060.jpg 750w, https:\/\/dms-bbz.hr\/wp-content\/uploads\/2020\/09\/Financ.-izvje\u0161taj-za-2019._page-0003-1.jpg 1242w\" sizes=\"auto, (max-width: 725px) 100vw, 725px\" \/><\/figure>\n\n\n\n<figure class=\"wp-block-image\"><img loading=\"lazy\" decoding=\"async\" width=\"725\" height=\"1024\" src=\"http:\/\/dms-bbz.hr\/wp-content\/uploads\/2020\/09\/Financ.-izvje\u0161taj-za-2019._page-0004-1-725x1024.jpg\" alt=\"\" class=\"wp-image-2333\" srcset=\"https:\/\/dms-bbz.hr\/wp-content\/uploads\/2020\/09\/Financ.-izvje\u0161taj-za-2019._page-0004-1-725x1024.jpg 725w, https:\/\/dms-bbz.hr\/wp-content\/uploads\/2020\/09\/Financ.-izvje\u0161taj-za-2019._page-0004-1-354x500.jpg 354w, https:\/\/dms-bbz.hr\/wp-content\/uploads\/2020\/09\/Financ.-izvje\u0161taj-za-2019._page-0004-1-768x1085.jpg 768w, https:\/\/dms-bbz.hr\/wp-content\/uploads\/2020\/09\/Financ.-izvje\u0161taj-za-2019._page-0004-1-750x1060.jpg 750w, https:\/\/dms-bbz.hr\/wp-content\/uploads\/2020\/09\/Financ.-izvje\u0161taj-za-2019._page-0004-1.jpg 1242w\" sizes=\"auto, (max-width: 725px) 100vw, 725px\" \/><\/figure>\n\n\n\n<figure class=\"wp-block-image\"><img loading=\"lazy\" decoding=\"async\" width=\"725\" height=\"1024\" src=\"http:\/\/dms-bbz.hr\/wp-content\/uploads\/2020\/09\/Financ.-izvje\u0161taj-za-2019._page-0005-1-725x1024.jpg\" alt=\"\" class=\"wp-image-2334\" srcset=\"https:\/\/dms-bbz.hr\/wp-content\/uploads\/2020\/09\/Financ.-izvje\u0161taj-za-2019._page-0005-1-725x1024.jpg 725w, https:\/\/dms-bbz.hr\/wp-content\/uploads\/2020\/09\/Financ.-izvje\u0161taj-za-2019._page-0005-1-354x500.jpg 354w, https:\/\/dms-bbz.hr\/wp-content\/uploads\/2020\/09\/Financ.-izvje\u0161taj-za-2019._page-0005-1-768x1085.jpg 768w, https:\/\/dms-bbz.hr\/wp-content\/uploads\/2020\/09\/Financ.-izvje\u0161taj-za-2019._page-0005-1-750x1060.jpg 750w, https:\/\/dms-bbz.hr\/wp-content\/uploads\/2020\/09\/Financ.-izvje\u0161taj-za-2019._page-0005-1.jpg 1242w\" sizes=\"auto, (max-width: 725px) 100vw, 725px\" \/><\/figure>\n\n\n\n<figure class=\"wp-block-image\"><img loading=\"lazy\" decoding=\"async\" width=\"725\" height=\"1024\" src=\"http:\/\/dms-bbz.hr\/wp-content\/uploads\/2020\/09\/Financ.-izvje\u0161taj-za-2019._page-0006-1-725x1024.jpg\" alt=\"\" class=\"wp-image-2335\" srcset=\"https:\/\/dms-bbz.hr\/wp-content\/uploads\/2020\/09\/Financ.-izvje\u0161taj-za-2019._page-0006-1-725x1024.jpg 725w, https:\/\/dms-bbz.hr\/wp-content\/uploads\/2020\/09\/Financ.-izvje\u0161taj-za-2019._page-0006-1-354x500.jpg 354w, https:\/\/dms-bbz.hr\/wp-content\/uploads\/2020\/09\/Financ.-izvje\u0161taj-za-2019._page-0006-1-768x1085.jpg 768w, https:\/\/dms-bbz.hr\/wp-content\/uploads\/2020\/09\/Financ.-izvje\u0161taj-za-2019._page-0006-1-750x1060.jpg 750w, https:\/\/dms-bbz.hr\/wp-content\/uploads\/2020\/09\/Financ.-izvje\u0161taj-za-2019._page-0006-1.jpg 1242w\" sizes=\"auto, (max-width: 725px) 100vw, 725px\" \/><\/figure>\n\n\n\n<figure class=\"wp-block-image\"><img loading=\"lazy\" decoding=\"async\" width=\"725\" height=\"1024\" src=\"http:\/\/dms-bbz.hr\/wp-content\/uploads\/2020\/09\/Financ.-izvje\u0161taj-za-2019._page-0007-1-725x1024.jpg\" alt=\"\" class=\"wp-image-2336\" srcset=\"https:\/\/dms-bbz.hr\/wp-content\/uploads\/2020\/09\/Financ.-izvje\u0161taj-za-2019._page-0007-1-725x1024.jpg 725w, https:\/\/dms-bbz.hr\/wp-content\/uploads\/2020\/09\/Financ.-izvje\u0161taj-za-2019._page-0007-1-354x500.jpg 354w, https:\/\/dms-bbz.hr\/wp-content\/uploads\/2020\/09\/Financ.-izvje\u0161taj-za-2019._page-0007-1-768x1085.jpg 768w, https:\/\/dms-bbz.hr\/wp-content\/uploads\/2020\/09\/Financ.-izvje\u0161taj-za-2019._page-0007-1-750x1060.jpg 750w, https:\/\/dms-bbz.hr\/wp-content\/uploads\/2020\/09\/Financ.-izvje\u0161taj-za-2019._page-0007-1.jpg 1242w\" sizes=\"auto, (max-width: 725px) 100vw, 725px\" \/><\/figure>\n\n\n\n<figure class=\"wp-block-image\"><img loading=\"lazy\" decoding=\"async\" width=\"725\" height=\"1024\" src=\"http:\/\/dms-bbz.hr\/wp-content\/uploads\/2020\/09\/Financ.-izvje\u0161taj-za-2019._page-0008-725x1024.jpg\" alt=\"\" class=\"wp-image-2337\" srcset=\"https:\/\/dms-bbz.hr\/wp-content\/uploads\/2020\/09\/Financ.-izvje\u0161taj-za-2019._page-0008-725x1024.jpg 725w, https:\/\/dms-bbz.hr\/wp-content\/uploads\/2020\/09\/Financ.-izvje\u0161taj-za-2019._page-0008-354x500.jpg 354w, https:\/\/dms-bbz.hr\/wp-content\/uploads\/2020\/09\/Financ.-izvje\u0161taj-za-2019._page-0008-768x1085.jpg 768w, https:\/\/dms-bbz.hr\/wp-content\/uploads\/2020\/09\/Financ.-izvje\u0161taj-za-2019._page-0008-750x1060.jpg 750w, https:\/\/dms-bbz.hr\/wp-content\/uploads\/2020\/09\/Financ.-izvje\u0161taj-za-2019._page-0008.jpg 1242w\" sizes=\"auto, (max-width: 725px) 100vw, 725px\" \/><\/figure>\n\n\n\n<figure class=\"wp-block-image\"><img loading=\"lazy\" decoding=\"async\" width=\"725\" height=\"1024\" src=\"http:\/\/dms-bbz.hr\/wp-content\/uploads\/2020\/09\/Financ.-izvje\u0161taj-za-2019._page-0009-725x1024.jpg\" alt=\"\" class=\"wp-image-2338\" srcset=\"https:\/\/dms-bbz.hr\/wp-content\/uploads\/2020\/09\/Financ.-izvje\u0161taj-za-2019._page-0009-725x1024.jpg 725w, https:\/\/dms-bbz.hr\/wp-content\/uploads\/2020\/09\/Financ.-izvje\u0161taj-za-2019._page-0009-354x500.jpg 354w, https:\/\/dms-bbz.hr\/wp-content\/uploads\/2020\/09\/Financ.-izvje\u0161taj-za-2019._page-0009-768x1085.jpg 768w, https:\/\/dms-bbz.hr\/wp-content\/uploads\/2020\/09\/Financ.-izvje\u0161taj-za-2019._page-0009-750x1060.jpg 750w, https:\/\/dms-bbz.hr\/wp-content\/uploads\/2020\/09\/Financ.-izvje\u0161taj-za-2019._page-0009.jpg 1242w\" sizes=\"auto, (max-width: 725px) 100vw, 725px\" \/><\/figure>\n\n\n\n<figure class=\"wp-block-image\"><img loading=\"lazy\" decoding=\"async\" width=\"725\" height=\"1024\" src=\"http:\/\/dms-bbz.hr\/wp-content\/uploads\/2020\/09\/Financ.-izvje\u0161taj-za-2019._page-0010-725x1024.jpg\" alt=\"\" class=\"wp-image-2339\" srcset=\"https:\/\/dms-bbz.hr\/wp-content\/uploads\/2020\/09\/Financ.-izvje\u0161taj-za-2019._page-0010-725x1024.jpg 725w, https:\/\/dms-bbz.hr\/wp-content\/uploads\/2020\/09\/Financ.-izvje\u0161taj-za-2019._page-0010-354x500.jpg 354w, https:\/\/dms-bbz.hr\/wp-content\/uploads\/2020\/09\/Financ.-izvje\u0161taj-za-2019._page-0010-768x1085.jpg 768w, https:\/\/dms-bbz.hr\/wp-content\/uploads\/2020\/09\/Financ.-izvje\u0161taj-za-2019._page-0010-750x1060.jpg 750w, https:\/\/dms-bbz.hr\/wp-content\/uploads\/2020\/09\/Financ.-izvje\u0161taj-za-2019._page-0010.jpg 1242w\" sizes=\"auto, (max-width: 725px) 100vw, 725px\" \/><\/figure>\n","protected":false},"excerpt":{"rendered":"","protected":false},"author":1,"featured_media":0,"parent":0,"menu_order":0,"comment_status":"closed","ping_status":"closed","template":"","meta":{"ngg_post_thumbnail":0,"footnotes":""},"class_list":["post-2323","page","type-page","status-publish","hentry"],"yoast_head":"<!-- This site is optimized with the Yoast SEO plugin v25.2 - https:\/\/yoast.com\/wordpress\/plugins\/seo\/ -->\n<title>Financijski izvje\u0161taj za 2019. god. - Dru\u0161tvo Multiple Skleroze Bjelovarsko bilogorske \u017eupanije<\/title>\n<meta name=\"robots\" content=\"index, follow, max-snippet:-1, max-image-preview:large, max-video-preview:-1\" \/>\n<link rel=\"canonical\" href=\"http:\/\/dms-bbz.hr\/index.php\/financijski-izvjestaj-za-2019-god\/\" \/>\n<meta property=\"og:locale\" content=\"hr_HR\" \/>\n<meta property=\"og:type\" content=\"article\" \/>\n<meta property=\"og:title\" content=\"Financijski izvje\u0161taj za 2019. god. - Dru\u0161tvo Multiple Skleroze Bjelovarsko bilogorske \u017eupanije\" \/>\n<meta property=\"og:url\" content=\"http:\/\/dms-bbz.hr\/index.php\/financijski-izvjestaj-za-2019-god\/\" \/>\n<meta property=\"og:site_name\" content=\"Dru\u0161tvo Multiple Skleroze Bjelovarsko bilogorske \u017eupanije\" \/>\n<meta property=\"article:publisher\" content=\"https:\/\/www.facebook.com\/drustvomultipleskleroze.bjelovar\" \/>\n<meta property=\"og:image\" content=\"http:\/\/dms-bbz.hr\/wp-content\/uploads\/2019\/09\/logo-i-SOS.jpg\" \/>\n<meta name=\"twitter:card\" content=\"summary_large_image\" \/>\n<script type=\"application\/ld+json\" class=\"yoast-schema-graph\">{\"@context\":\"https:\/\/schema.org\",\"@graph\":[{\"@type\":\"WebPage\",\"@id\":\"http:\/\/dms-bbz.hr\/index.php\/financijski-izvjestaj-za-2019-god\/\",\"url\":\"http:\/\/dms-bbz.hr\/index.php\/financijski-izvjestaj-za-2019-god\/\",\"name\":\"Financijski izvje\u0161taj za 2019. god. - Dru\u0161tvo Multiple Skleroze Bjelovarsko bilogorske \u017eupanije\",\"isPartOf\":{\"@id\":\"http:\/\/dms-bbz.hr\/#website\"},\"primaryImageOfPage\":{\"@id\":\"http:\/\/dms-bbz.hr\/index.php\/financijski-izvjestaj-za-2019-god\/#primaryimage\"},\"image\":{\"@id\":\"http:\/\/dms-bbz.hr\/index.php\/financijski-izvjestaj-za-2019-god\/#primaryimage\"},\"thumbnailUrl\":\"http:\/\/dms-bbz.hr\/wp-content\/uploads\/2019\/09\/logo-i-SOS.jpg\",\"datePublished\":\"2020-09-01T16:53:41+00:00\",\"breadcrumb\":{\"@id\":\"http:\/\/dms-bbz.hr\/index.php\/financijski-izvjestaj-za-2019-god\/#breadcrumb\"},\"inLanguage\":\"hr\",\"potentialAction\":[{\"@type\":\"ReadAction\",\"target\":[\"http:\/\/dms-bbz.hr\/index.php\/financijski-izvjestaj-za-2019-god\/\"]}]},{\"@type\":\"ImageObject\",\"inLanguage\":\"hr\",\"@id\":\"http:\/\/dms-bbz.hr\/index.php\/financijski-izvjestaj-za-2019-god\/#primaryimage\",\"url\":\"https:\/\/dms-bbz.hr\/wp-content\/uploads\/2019\/09\/logo-i-SOS.jpg\",\"contentUrl\":\"https:\/\/dms-bbz.hr\/wp-content\/uploads\/2019\/09\/logo-i-SOS.jpg\",\"width\":428,\"height\":161},{\"@type\":\"BreadcrumbList\",\"@id\":\"http:\/\/dms-bbz.hr\/index.php\/financijski-izvjestaj-za-2019-god\/#breadcrumb\",\"itemListElement\":[{\"@type\":\"ListItem\",\"position\":1,\"name\":\"Home\",\"item\":\"http:\/\/dms-bbz.hr\/\"},{\"@type\":\"ListItem\",\"position\":2,\"name\":\"Financijski izvje\u0161taj za 2019. god.\"}]},{\"@type\":\"WebSite\",\"@id\":\"http:\/\/dms-bbz.hr\/#website\",\"url\":\"http:\/\/dms-bbz.hr\/\",\"name\":\"Dru\u0161tvo Multiple Skleroze Bjelovarsko bilogorske \u017eupanije\",\"description\":\"Masarykova 8\",\"publisher\":{\"@id\":\"http:\/\/dms-bbz.hr\/#organization\"},\"potentialAction\":[{\"@type\":\"SearchAction\",\"target\":{\"@type\":\"EntryPoint\",\"urlTemplate\":\"http:\/\/dms-bbz.hr\/?s={search_term_string}\"},\"query-input\":{\"@type\":\"PropertyValueSpecification\",\"valueRequired\":true,\"valueName\":\"search_term_string\"}}],\"inLanguage\":\"hr\"},{\"@type\":\"Organization\",\"@id\":\"http:\/\/dms-bbz.hr\/#organization\",\"name\":\"Dru\u0161tvo Multiple Skleroze Bjelovarsko bilogorske \u017eupanije\",\"url\":\"http:\/\/dms-bbz.hr\/\",\"logo\":{\"@type\":\"ImageObject\",\"inLanguage\":\"hr\",\"@id\":\"http:\/\/dms-bbz.hr\/#\/schema\/logo\/image\/\",\"url\":\"http:\/\/dms-bbz.hr\/wp-content\/uploads\/2015\/09\/cropped-clip_image002.jpg\",\"contentUrl\":\"http:\/\/dms-bbz.hr\/wp-content\/uploads\/2015\/09\/cropped-clip_image002.jpg\",\"width\":512,\"height\":512,\"caption\":\"Dru\u0161tvo Multiple Skleroze Bjelovarsko bilogorske \u017eupanije\"},\"image\":{\"@id\":\"http:\/\/dms-bbz.hr\/#\/schema\/logo\/image\/\"},\"sameAs\":[\"https:\/\/www.facebook.com\/drustvomultipleskleroze.bjelovar\"]}]}<\/script>\n<!-- \/ Yoast SEO plugin. -->","yoast_head_json":{"title":"Financijski izvje\u0161taj za 2019. god. - Dru\u0161tvo Multiple Skleroze Bjelovarsko bilogorske \u017eupanije","robots":{"index":"index","follow":"follow","max-snippet":"max-snippet:-1","max-image-preview":"max-image-preview:large","max-video-preview":"max-video-preview:-1"},"canonical":"http:\/\/dms-bbz.hr\/index.php\/financijski-izvjestaj-za-2019-god\/","og_locale":"hr_HR","og_type":"article","og_title":"Financijski izvje\u0161taj za 2019. god. - Dru\u0161tvo Multiple Skleroze Bjelovarsko bilogorske \u017eupanije","og_url":"http:\/\/dms-bbz.hr\/index.php\/financijski-izvjestaj-za-2019-god\/","og_site_name":"Dru\u0161tvo Multiple Skleroze Bjelovarsko bilogorske \u017eupanije","article_publisher":"https:\/\/www.facebook.com\/drustvomultipleskleroze.bjelovar","og_image":[{"url":"http:\/\/dms-bbz.hr\/wp-content\/uploads\/2019\/09\/logo-i-SOS.jpg","type":"","width":"","height":""}],"twitter_card":"summary_large_image","schema":{"@context":"https:\/\/schema.org","@graph":[{"@type":"WebPage","@id":"http:\/\/dms-bbz.hr\/index.php\/financijski-izvjestaj-za-2019-god\/","url":"http:\/\/dms-bbz.hr\/index.php\/financijski-izvjestaj-za-2019-god\/","name":"Financijski izvje\u0161taj za 2019. god. - Dru\u0161tvo Multiple Skleroze Bjelovarsko bilogorske \u017eupanije","isPartOf":{"@id":"http:\/\/dms-bbz.hr\/#website"},"primaryImageOfPage":{"@id":"http:\/\/dms-bbz.hr\/index.php\/financijski-izvjestaj-za-2019-god\/#primaryimage"},"image":{"@id":"http:\/\/dms-bbz.hr\/index.php\/financijski-izvjestaj-za-2019-god\/#primaryimage"},"thumbnailUrl":"http:\/\/dms-bbz.hr\/wp-content\/uploads\/2019\/09\/logo-i-SOS.jpg","datePublished":"2020-09-01T16:53:41+00:00","breadcrumb":{"@id":"http:\/\/dms-bbz.hr\/index.php\/financijski-izvjestaj-za-2019-god\/#breadcrumb"},"inLanguage":"hr","potentialAction":[{"@type":"ReadAction","target":["http:\/\/dms-bbz.hr\/index.php\/financijski-izvjestaj-za-2019-god\/"]}]},{"@type":"ImageObject","inLanguage":"hr","@id":"http:\/\/dms-bbz.hr\/index.php\/financijski-izvjestaj-za-2019-god\/#primaryimage","url":"https:\/\/dms-bbz.hr\/wp-content\/uploads\/2019\/09\/logo-i-SOS.jpg","contentUrl":"https:\/\/dms-bbz.hr\/wp-content\/uploads\/2019\/09\/logo-i-SOS.jpg","width":428,"height":161},{"@type":"BreadcrumbList","@id":"http:\/\/dms-bbz.hr\/index.php\/financijski-izvjestaj-za-2019-god\/#breadcrumb","itemListElement":[{"@type":"ListItem","position":1,"name":"Home","item":"http:\/\/dms-bbz.hr\/"},{"@type":"ListItem","position":2,"name":"Financijski izvje\u0161taj za 2019. god."}]},{"@type":"WebSite","@id":"http:\/\/dms-bbz.hr\/#website","url":"http:\/\/dms-bbz.hr\/","name":"Dru\u0161tvo Multiple Skleroze Bjelovarsko bilogorske \u017eupanije","description":"Masarykova 8","publisher":{"@id":"http:\/\/dms-bbz.hr\/#organization"},"potentialAction":[{"@type":"SearchAction","target":{"@type":"EntryPoint","urlTemplate":"http:\/\/dms-bbz.hr\/?s={search_term_string}"},"query-input":{"@type":"PropertyValueSpecification","valueRequired":true,"valueName":"search_term_string"}}],"inLanguage":"hr"},{"@type":"Organization","@id":"http:\/\/dms-bbz.hr\/#organization","name":"Dru\u0161tvo Multiple Skleroze Bjelovarsko bilogorske \u017eupanije","url":"http:\/\/dms-bbz.hr\/","logo":{"@type":"ImageObject","inLanguage":"hr","@id":"http:\/\/dms-bbz.hr\/#\/schema\/logo\/image\/","url":"http:\/\/dms-bbz.hr\/wp-content\/uploads\/2015\/09\/cropped-clip_image002.jpg","contentUrl":"http:\/\/dms-bbz.hr\/wp-content\/uploads\/2015\/09\/cropped-clip_image002.jpg","width":512,"height":512,"caption":"Dru\u0161tvo Multiple Skleroze Bjelovarsko bilogorske \u017eupanije"},"image":{"@id":"http:\/\/dms-bbz.hr\/#\/schema\/logo\/image\/"},"sameAs":["https:\/\/www.facebook.com\/drustvomultipleskleroze.bjelovar"]}]}},"_links":{"self":[{"href":"https:\/\/dms-bbz.hr\/index.php\/wp-json\/wp\/v2\/pages\/2323","targetHints":{"allow":["GET"]}}],"collection":[{"href":"https:\/\/dms-bbz.hr\/index.php\/wp-json\/wp\/v2\/pages"}],"about":[{"href":"https:\/\/dms-bbz.hr\/index.php\/wp-json\/wp\/v2\/types\/page"}],"author":[{"embeddable":true,"href":"https:\/\/dms-bbz.hr\/index.php\/wp-json\/wp\/v2\/users\/1"}],"replies":[{"embeddable":true,"href":"https:\/\/dms-bbz.hr\/index.php\/wp-json\/wp\/v2\/comments?post=2323"}],"version-history":[{"count":2,"href":"https:\/\/dms-bbz.hr\/index.php\/wp-json\/wp\/v2\/pages\/2323\/revisions"}],"predecessor-version":[{"id":2393,"href":"https:\/\/dms-bbz.hr\/index.php\/wp-json\/wp\/v2\/pages\/2323\/revisions\/2393"}],"wp:attachment":[{"href":"https:\/\/dms-bbz.hr\/index.php\/wp-json\/wp\/v2\/media?parent=2323"}],"curies":[{"name":"wp","href":"https:\/\/api.w.org\/{rel}","templated":true}]}}